e 0 = -2*j - 3*j + 5, 2*t + 2*j = 12. Determine m(t).
1
Let d(a) = 4*a**3 + a**2 - 2*a + 1. Let x be (-261)/(-36) - (-1)/(-4). Suppose -2*o = -f - 0*o - x, -5*f - 2*o + 13 = 0. Determine d(f).
4
Let p = 75 + -49. Let k(c) = 17*c**2 - 9*c + 13. Let x(m) = -4*m**2 + 2*m - 3. Let y(o) = p*x(o) + 6*k(o). Suppose -2*a = j, 0 = 3*a + j - 4*j + 18. Give y(a).
-4
Let t(z) be the first derivative of -z**2 - 7*z + 18. Calculate t(-6).
5
Let v(b) be the second derivative of b**6/720 - b**5/40 + b**4/6 - 3*b. Let r(o) be the third derivative of v(o). Determine r(5).
2
Let u(x) = -x - 6. Let j be -46*(-3)/(-30) - (-8)/(-20). What is u(j)?
-1
Let n(g) = -g - 1. Let b be (-132)/(-42) - (-1)/(-7). Give n(b).
-4
Suppose 3*p + 8 = 2*l, p + 0 + 4 = l. Let n(z) = -1 - l*z + 10*z - 5*z. Determine n(-5).
-6
Let z(x) = 1 - 2 + 6*x**2 + x + x**3 - 7*x**2 + 0*x. Calculate z(1).
0
Let z(w) = w + 6*w**2 + 5 + 0*w - w**3 - 3*w. Calculate z(6).
-7
Let w be (-4)/12*0/4. Let s(b) be the third derivative of 1/2*b**3 - b**2 + 5/24*b**4 + 0 + w*b + 1/60*b**5. Give s(-3).
-3
Let n(x) = x + 9. Let o be 0*((-9)/6 - -2). Give n(o).
9
Let y(q) = -q**2 + 7*q - 5. Suppose 7 = 2*d - 1. Let f be y(d). Let b(u) = -19 - f*u + 19. Calculate b(-1).
7
Let p(o) = -6 + 14 - 8 - o. Suppose -4*v + 35 = -0*q + 3*q, -4*v + 25 = q. What is p(q)?
-5
Let q = 1 + 2. Let j(p) = -p**3 + 8*p**2 - 5*p - 8. Let g be j(7). Let u(s) = -5*s - 5 + g*s**q + 4*s + 5 + 1 - s**2. Determine u(1).
5
Let y(j) = j**2 - 4*j - 6. Let m(l) = 2*l**2 + 18*l + 21. Let a be m(-8). Determine y(a).
-1
Suppose -5*s - 3*p = -17, -p + 3*p = -3*s + 10. Let a = s + -1. Let f(v) = -v + v**2 + v - v. Calculate f(a).
6
Let z(j) = -2*j. Let a be ((-3)/2)/((-3)/6). Suppose 0 = -3*v - a. What is z(v)?
2
Suppose -n = 12 - 4. Let f = n + 6. Let u(x) = x**3 - 5*x**2 - x + 1. Let c(m) = -3*m**3 + 11*m**2 + 2*m - 3. Let j(p) = -2*c(p) - 5*u(p). Determine j(f).
3
Suppose 0 = 2*u - 0*u. Let j(v) = 2*v + u - 4 - v + 0. Calculate j(3).
-1
Suppose 3*j + 9 = 21. Suppose 3*z + j*x = 2*x, 4*z = 5*x. Let d(c) = 3*c + 18. Let o(s) = s + 6. Let h(g) = -3*d(g) + 8*o(g). Give h(z).
-6
Let x(p) be the first derivative of p**2 - 16. Calculate x(1).
2
Suppose 10 = -2*h + 4*h. Suppose k = -2, -3*v = h*k - 5 - 0. Let o(a) = -a**2 + 0*a + a**3 + v*a - 4*a + 1. Give o(0).
1
Let r(u) = u**3 - 5*u**2 - u + 7. Let h be -1 + (-5 + 8 - (2 + -5)). Determine r(h).
2
Let z(l) = -l**2 + l + 1. Let n(y) = -7*y**2 + 12*y + 5. Let d(t) = n(t) - 6*z(t). Let g(u) = 4*u + 2. Let q be g(-2). Let f = q + 10. What is d(f)?
7
Let c(z) = z**3 + 8*z**2 + 6*z + 5. Let o(d) = 2*d**3 + 17*d**2 + 13*d + 11. Let w(p) = 7*c(p) - 3*o(p). Give w(-5).
-13
Let k(m) = m**2 - 5*m - 6. Let c be (-9)/3*(-32)/3. Suppose 5*t + 2 = c. Determine k(t).
0
Let d be (-1)/(-1) - (6 + -2). Let y(o) = -3*o + 2. Let u(z) = -4 + 3 + 2*z + 5 - 5. Let f(c) = -8*u(c) - 5*y(c). Calculate f(d).
1
Let d(c) = c**2 + c + 1. Suppose -5*v = u + 21, 17 = 3*u - 5*v - 0*v. Calculate d(u).
1
Let g(p) = p**3 - 4*p**2 + 4*p - 6. Let u be (21/14)/(3/8). Give g(u).
10
Let x(c) = -c**3 - 2*c**2 - c + 1. Let p be ((-16)/(-40))/(3/(-15)). Calculate x(p).
3
Let l(y) be the third derivative of -y**6/120 - y**5/15 - y**4/8 - y**3/2 - 3*y**2. Calculate l(-4).
9
Let j = 12 + -17. Let v(f) = -f**2 - 4*f - 5. Calculate v(j).
-10
Let z(y) be the second derivative of -y**4/12 + y**2/2 - y. Let v = 298 - 295. What is z(v)?
-8
Suppose -q - 2*q + 18 = 0. Let v(y) = y**2 + 8 + q*y - 7 - 4*y. Calculate v(-3).
4
Let o = -23 - -23. Let v(b) = b**2 - 2. What is v(o)?
-2
Suppose 4*b + q - 2 - 7 = 0, -3*b + 2*q + 4 = 0. Let y(a) = -2*a**3 + a + 2. Give y(b).
-12
Suppose 2*n = -2*n. Let r(y) = -y + 5. What is r(n)?
5
Let j(h) be the first derivative of -h**2 + 3*h - 55. What is j(-3)?
9
Let c(l) = 8*l - 1. Suppose w = -4 + 9, 0 = -3*m + 3*w - 18. Determine c(m).
-9
Let b(l) = -l**3 + 5*l**2 - 3*l + 1. Suppose 5*v + 3*h - 24 = 0, 4*v - h - 9 = -0*h. Let i(u) = v*u**2 - 5*u + 0 + 6*u - 1. Let r be i(1). Give b(r).
10
Let b(i) be the second derivative of i**4/6 + i**3/3 + 3*i**2/2 - 16*i. Determine b(-2).
7
Let r(w) = w**3 + w**2 + w + 1. Let a be 204/30 - 1/(-5). Suppose -3*p + a*p - 32 = 0. Suppose 0 = -p*k + 4*k. What is r(k)?
1
Suppose -m = 5*j + 8, -1 = 4*j - 6*j + m. Let f(t) = -10*t + 1. Determine f(j).
11
Let w = 21 + -21. Let h(z) = -z**2 + 6*z - 5. Let k be h(5). Let n(y) = k + 2 - y**3 + 4. Determine n(w).
6
Let r(h) = -h**3 + 9*h**2 + 10*h + 4. Let w be r(10). Let b(s) = -w + 2*s - 2 + 0*s. What is b(5)?
4
Let k = 10 + -5. Let w(t) = t**2 + t - 1. Let i be w(2). Let z(u) = -i + k + u. Calculate z(5).
5
Let p(f) = 4*f**3 - 2*f**2 + f - 1. Let a(h) = -4*h**3 + 3*h**2 - h + 1. Let r(s) = 2*a(s) + 3*p(s). What is r(1)?
4
Let y(l) = l**2 - 5*l + 4. Let i be y(5). Let d(o) = 3 + 0*o**3 + 0 - i + 7*o**3. What is d(1)?
6
Suppose -3*k - k + 2*u = -6, 15 = 3*u. Let j(l) = 3*l**2 - 4*l. Let q(w) = -w**2. Let m(a) = k*q(a) + j(a). Calculate m(-4).
0
Suppose -27 = -10*h + 13. Let z(l) = 11*l**2 - 23*l. Let j(k) = 7*k**2 - 15*k. Let f(i) = -8*j(i) + 5*z(i). Calculate f(h).
4
Let a = -16 - -17. Let z(l) = 11*l - 1. Give z(a).
10
Let z(l) = l + 4. Let u be z(0). Let b(o) = -o**2 - 7*o - 9. Let f be b(-4). Let w(x) = x**f + 2*x**2 - 5*x**2 - 2*x**2 - 2*x - 4 + 2*x**2. Determine w(u).
4
Let j(d) = 1 - 2*d - 5 - 2 + 4. Determine j(-5).
8
Let z be (-7)/(-2) - 12/8. Let k(b) be the second derivative of b**4/6 - b**3/6 + b**2 - 2*b. Give k(z).
8
Let i(g) = -5*g + 1. Let f(x) = -x**2 + 8*x - 5. Suppose -2*c - 35 = -7*c. Let j be f(c). Calculate i(j).
-9
Let h(q) = 2*q - 17. Let f be h(5). Let d(a) = a**2 + 6*a - 8. Give d(f).
-1
Let d(y) be the second derivative of y**4/12 - y**3/6 + 3*y**2/2 + 4*y. Calculate d(3).
9
Let j(s) = -3*s + 6. Suppose -105 = -3*v - 0*v. Suppose 4*g + 17 = -v. Let t be 2/(-6) - g/3. Give j(t).
-6
Let t(o) = -6*o**2 + 30*o - 2. Let z be t(5). Let u(k) = k**3 + k - 1. Determine u(z).
-11
Let n(l) = l + 4. Let v(d) = 2*d + 10. Let w(z) = 12*n(z) - 5*v(z). Give w(6).
10
Let o(d) = 4*d**2 + 1. Let u be (-9)/(-21) - 70/49. Give o(u).
5
Let l(g) be the first derivative of 1 - 1/2*g**2 + 4*g + 1/3*g**3. Let w = -23 - -23. Calculate l(w).
4
Let k(i) = -i**3 + 5*i**2 - 6*i + 1. Let c be (12/(-8))/((-2)/4). Suppose x - 4 = -h - 2, -4*x - c*h = -10. Give k(x).
-7
Let u(y) = 3*y + 1. Let g be u(1). Let w(x) = -4*x - 6 + g*x - 3*x. Let i = 16 - 20. What is w(i)?
6
Let l be (-1)/(-5) + (-18)/(-10). Let w(t) = 3*t**2 - 2. Determine w(l).
10
Let q(z) = z**2 - 2*z - 11. Let y be q(5). Let u(o) = o - 3*o + y*o + 1. Determine u(2).
5
Let r(i) = -2*i**2 - 2*i + 5*i - i**2 + 5. Let w(a) = 0*a**2 + 9*a - 10*a**2 + 13 + 3. Let u(y) = 7*r(y) - 2*w(y). Calculate u(3).
3
Let c(k) = -3*k + 5*k**2 + 0*k**3 - 3 - 2 - k**3. Determine c(4).
-1
Suppose 0 = 5*h - 11 - 9, 5*l = 5*h - 45. Let t(q) = -q - 1. What is t(l)?
4
Let z(v) = 0*v + 0*v - 2*v. Let u be (12/8)/(2/(-4)). What is z(u)?
6
Let m(s) = -3*s**3 + 2*s - 1. Let n be m(1). Let a(k) = k**3 + 2*k**2 + 2. Let w be a(n). Let z(g) = g. Give z(w).
2
Suppose -6*b + 3*b = 0. Let t(q) = q**3 - 6. Let k be t(b). Let y(o) = o + 1. What is y(k)?
-5
Let f(p) = -p + 1. Let d(m) = 4*m + 5. Let k(x) = d(x) + f(x). Give k(-5).
-9
Let b(r) = -r**2 + 4*r + 8. Suppose -i = 1 + 5. Let w = 0 - i. What is b(w)?
-4
Let s(n) = n**2 + 9*n + 10. Let d(a) = -3*a**2 - 18*a - 19. Let b(m) = -2*d(m) - 5*s(m). Give b(10).
-2
Let n be ((-24)/(-15))/(3/(-15)). Let w be n/20 + 34/10. Let f(p) = -5 + p - 6*p**2 - p**w - 4*p - 4*p. Determine f(-4).
-9
Let m(y) = -y - 5385 + 4*y**2 + 5374 - 3*y**2. Give m(0).
-11
Let k(u) = -u**2 - 3*u. Let h(q) = -7*q + 2. Let l be h(2). Let c(s) = s**2 + 13*s + 8. Let f be c(l). Determine k(f).
-4
Let n(v) be the first derivative of v**3 + 10. Suppose -5*t = -4*d + 9, 5*t + 2 = -3*d - 0. Calculate n(d).
3
Let p(m) = -3*m + 8*m - 3*m - m. Let w be (-1*1)/((-4)/(-20)). Calculate p(w).
-5
Suppose k + 15 = -4*k. Let y(g) = -5*g - 10*g**3 + g**2 + 4*g**3 + g**2 - 4 + 7*g**3. What is y(k)?
2
Suppose 29*i + 38 + 49 = 0. Let c(o) = -2*o + 1 + 2*o + o. Give c(i).
-2
Suppose -5*m + j + 0 = 4, 20 = m + 5*j. Suppose m = h + 1 - 5. Let p = 3 - h. Let z(s) = -5*s**2 - 2*s - 1. What is z(p)?
-4
Let j(i) = -i**3 + 6*i**2